et n = j - -70. Suppose n*g - 788 = -t, -682 = -5*g - 5*t + 118. List the prime factors of g.
157
Let v(f) = 185*f**2 + 48*f + 704. List the prime factors of v(20).
2, 4729
Suppose 2*b - 2*a - a = -8, 10 = -5*a. Let c(m) = 5*m + 38. Let h be c(b). Suppose o + z - 71 = 0, -h*o + 135 = -4*z - 113. What are the prime factors of o?
2, 19
Let x = 2111 + 5196. What are the prime factors of x?
7307
Suppose 0 = c - o - 15, -3*c = -6*o + 4*o - 41. Suppose c*u - 734 = 421. What are the prime factors of u?
3, 5, 7
Suppose 481*h - 12354905 - 12894709 = 0. What are the prime factors of h?
2, 3, 13, 673
Suppose 29*r + 5382 = 23*r. Let k = -507 - r. What are the prime factors of k?
2, 3, 5, 13
Suppose 26 = 5*a - 3*a + 5*r, 3*a - 2*r = 1. Let z(l) = -22*l**2 - 2*l - 1. Let j be z(-2). What are the prime factors of j/(-3)*a - (-9)/3?
2, 11
Suppose 4*n + n + 47090 = 4*p, 5*p - 58848 = -n. Suppose 73*j - 83*j + p = 0. What are the prime factors of j?
11, 107
Suppose -2*b + 5*b - 2193 = -2*s, -2*s + 3*b + 2175 = 0. Suppose -3*y - 4*n + 1068 = -0*n, -3*y + 4*n = -s. Let q = -205 + y. List the prime factors of q.
5, 31
Let u(q) = 9 - 15*q - 10 + 18*q - 3 + 46*q**2. Suppose -m - 4*m + 5 = 0. List the prime factors of u(m).
3, 5
Let i(k) = k**3 + 11*k**2 + k - 31. Let l be i(-8). List the prime factors of -48*(34/l - 32/9).
2, 5
Let r(s) = 68*s + 1719. List the prime factors of r(29).
3691
Let s = -158 + 188. Suppose 95*f = s*f + 17680. What are the prime factors of f?
2, 17
Suppose 2*o = 8, 4*o = 3*x - 4*x + 14744. List the prime factors of x.
2, 7, 263
Let w(h) be the first derivative of h**4/2 + h**3/3 - 7*h**2 + 19*h - 20. What are the prime factors of w(6)?
13, 31
Suppose 4*v - 2*c = 164, -3*c = -0*v - 5*v + 206. Suppose -2*h + v = -0. What are the prime factors of (-274)/(-8) + h/(-16)?
3, 11
Suppose -135936 - 91599 = -33*j. List the prime factors of j.
5, 7, 197
Suppose j - 26 = -5*g, -4*j + 95 = -2*g - 53. Suppose -14*b + 17*b = j. List the prime factors of b/(-30) - ((-1928)/(-10))/(-2).
2, 3
List the prime factors of (1 - 0)/((-1)/(-5797)).
11, 17, 31
Let i = 17892 - 7389. What are the prime factors of i?
3, 389
Let u = -3794 + 5549. List the prime factors of u.
3, 5, 13
Suppose -y + 19 = 90. Let o = 68 + y. List the prime factors of (-7 - -4)/(o/169).
13
Let f = 29 - -39. Let n = f - 70. What are the prime factors of ((-1)/n)/((-2931)/(-732) + -4)?
2, 61
Suppose 0 = 3*x - 9 - 0. Suppose 8*d = x*d. Suppose 0*m - 5*m + 200 = d. List the prime factors of m.
2, 5
Let c = -278 - -510. Suppose 0 = 7*f - 3*f + 20, 0 = -q + 4*f - 135. Let a = q + c. What are the prime factors of a?
7, 11
Let q = 523 + -504. Suppose -q*l = 496 - 2852. What are the prime factors of l?
2, 31
Suppose 49438 = 4*m - 2*g, -39*m = -43*m + 4*g + 49448. What are the prime factors of m?
3, 1373
Suppose -27*x + 264795 = 83192 - 117503. List the prime factors of x.
2, 29, 191
Suppose 3*c - 2476 = -577. Let t be c/(2 + (-9)/6). Suppose 13*a - 7*a = t. What are the prime factors of a?
211
What are the prime factors of 4641 - (1 + 4) - (-8 + 14)?
2, 5, 463
List the prime factors of (291 - 247)*(-3)/(-12)*2707.
11, 2707
Suppose -30 = -8*y + 2. Suppose -y*k - 3 = 97. What are the prime factors of (-10)/k - 366/(-10)?
37
Let j = -8397 - -28298. List the prime factors of j.
7, 2843
Let j = 496 + -477. Suppose 2612 = -17*c + j*c. List the prime factors of c.
2, 653
Suppose -21060 = -32*c + 22*c. List the prime factors of 96/(-24)*(c/(-8) - -1).
1049
Let d be 333/(-74)*4/(-9). Suppose -3*i - 4*m + 1774 = -d*m, -i + 593 = -m. What are the prime factors of i?
2, 37
Suppose -30702 = -5*r + 10628. What are the prime factors of r?
2, 4133
Let f(v) = 3*v**3 - v**2 - 70. Let b be f(0). List the prime factors of (-1)/(-10) + 9*(-3647)/b.
7, 67
Let l = -126 - -74. List the prime factors of (12558/l)/(4/((-32)/6)).
2, 7, 23
Let d(u) = u**3 + 11*u**2 - 6*u + 19. Let i(b) = -4*b - 3. Let g(h) = -5*h - 3. Let l(v) = -3*g(v) + 2*i(v). Let r be l(-2). What are the prime factors of d(r)?
5, 17
Let f(o) = 3*o**2 - 347*o - 287. List the prime factors of f(147).
7, 1933
Suppose -127844 - 189127 = -41*l. What are the prime factors of l?
3, 859
Let w be 3/15 - 57/(-15). Suppose w*s = -o - 40, 4*s = -11*o + 9*o - 88. List the prime factors of (-1 + 138/(-8))/(o/192).
73
Let q(j) = -22*j - 16 + 14*j**2 + 0 + 19*j. What are the prime factors of q(-5)?
349
Suppose -4*z + 12 = 4*d, 4 = d - 2*z + 1. Suppose -10*s + 6*s + 2*m = -2550, 5*s + d*m = 3160. List the prime factors of s.
5, 127
Suppose 0 = a - 11*a - 100. Let t(j) = j**2 + 4*j - 23. Let r be t(a). Let g = r + 12. List the prime factors of g.
7
Let v = 2142 + 406. Suppose 0 = -5*z + 3617 + v. List the prime factors of z.
3, 137
Suppose -52*g = -127974 - 210026. Suppose 4*i + 6502 = 2*t + 3*t, -5*t + 5*i = -g. What are the prime factors of t?
2, 3, 7, 31
Let h(k) = -k**3 + 7*k**2 - 4*k - 9. Let i be h(6). Suppose -15 = y + 4*w, -5*y - 6 - i = -2*w. Let c = 47 + y. What are the prime factors of c?
2, 11
List the prime factors of (-510572)/(-11) - (-3816)/(-2332).
2, 23, 1009
Let r = -837 - -1177. What are the prime factors of r?
2, 5, 17
Let u = -171 - -157. Let i(r) = -74*r - 114. What are the prime factors of i(u)?
2, 461
Suppose -6*t + 106*t = 584300. List the prime factors of t.
5843
Suppose 6*n = -2825 + 38579. What are the prime factors of n?
59, 101
List the prime factors of (27 - 29)*(325584/(-10) + (-12)/(-30)).
2, 73, 223
Let y(z) = -2*z + 19. Let u be y(8). Suppose -u*p + 237 = -0*p. Let s = p + 2. List the prime factors of s.
3
Let v = 306 + -302. Suppose v*k = 146 + 694. List the prime factors of k.
2, 3, 5, 7
Let l = 55 + -54. Suppose 4*f - 3 = 2*h - l, f = -4*h + 5. What are the prime factors of 240/3*h - (1 - 1)?
2, 5
Suppose -45*u = -41*u - 4960. Suppose -u + 85 = -5*s. What are the prime factors of s?
3, 7, 11
Let n(x) = 1 - 8*x - 6*x**3 - 31*x**2 - x**3 - 6*x + 4 + 22*x**2. List the prime factors of n(-5).
5, 29
Let b(d) = -d**3 + 3*d**2 - 3*d + 1. Let k be b(3). List the prime factors of k/(-1 + 3) + 31.
3
Let x be 28/(-70) - (-4)/10. Suppose s + x*t - 116 = 3*t, -4*t = 3*s - 400. Let g = s + -92. List the prime factors of g.
2, 3
Suppose -205*c + 95358 = -67*c. List the prime factors of c.
691
Suppose 316 = 18*v - 80. Suppose 21*t + v*t - 39818 = 0. List the prime factors of t.
2, 463
Suppose -w = -2*n - 5829, -107*w = -108*w + n + 5825. What are the prime factors of w?
5821
Let a(v) = 6*v + 2. Let d be a(1). Suppose -6034 = d*s - 15642. List the prime factors of s.
1201
Suppose 3*x - n - 2090 = 0, -2*x + 3*n + 1127 = -278. Suppose -4*m + 9*m = x. List the prime factors of m.
139
Suppose 5*r - 25 = -2*c, 0*r - 77 = -4*c - r. List the prime factors of (-24)/c - (-6962)/10.
5, 139
Suppose 5*w - 2 = 2*t, -3*t - 8*w = -3*w - 22. Suppose 3*l = -4*d + 507, -t*l - 192 = -2*d + 34. What are the prime factors of d?
3, 41
Let h be (1*(0 + -2))/(8/424). Let m = -101 - h. Suppose -4*u - 2*p = -218, 0*p - m*p = 4*u - 209. What are the prime factors of u?
2, 7
Let t(u) = u**3 - 6*u**2 - 3*u + 9. Let i(w) = w**3 - 5*w**2 - 12*w - 8. Let y be i(7). Let s be t(y). What are the prime factors of (78/s - 1)/(5/(-45))?
3, 29
List the prime factors of 6745321/1179 - (-4)/(-18).
3, 1907
Suppose -1124060 = -75*r + 26*r. What are the prime factors of r?
2, 5, 31, 37
Suppose 27010 + 9146 = 5*q + 3686. What are the prime factors of q?
2, 17, 191
Let l(d) = -d**3 - 15*d**2 + 36*d + 45. Let v be l(-17). Suppose 0*k + 99 = 3*k. Let f = v + k. List the prime factors of f.
2, 11
Suppose -5*q + 2*b + b + 1872 = 0, -749 = -2*q + b. Suppose -4*n + 817 = -q. List the prime factors of n.
2, 149
Let n = 136 + -133. Suppose 0 = -3*y - 2*c - n*c + 2918, 2*y = -3*c + 1946. List the prime factors of y.
2, 61
Suppose 4*c - 80 = -c - 5*n, -5*c + 3*n + 40 = 0. Suppose 12*h - 432 = c*h. What are the prime factors of h?
2, 3
Suppose -21*o + 49 = -35. Suppose -5*m + m + 788 = o*b, -4*m - 207 = -b. List the prime factors of b.
199
Suppose 3*w = n + 7, 0 = 2*w - 3*n - 2 + 9. Suppose -29 = h - y, w*h - h + 3*y = -63. What are the prime factors of 164/10 + 10/h?
2
Let i be (-18)/(-4)*4236/18. Let u = i + -514. Suppose -3*x = l - 335, 0*x - 5*l + u = 5*x. What are the prime factors of x?
113
Suppose